Is h(a) composite?
False
Let z(m) = -8*m**2 + 5*m + 2. Let p(u) = 9*u**2 - 4*u - 2. Let r(t) = 6*p(t) + 5*z(t). Is r(-3) prime?
False
Let o be 3/(-18)*2*-45. Let y = o - -54. Suppose 4*v - 3*v = y. Is v prime?
False
Let j = -46 + 26. Is (-4)/10 + (-928)/j a prime number?
False
Let a(m) = 2*m - 2. Let o be a(3). Suppose -2*v - 249 = -2*y - 3*y, 2*y + o*v - 90 = 0. Suppose 2*n = -n - 5*f + 54, 4*n - y = f. Is n a composite number?
False
Suppose 0 = -3*i + 3*n - 3, -4*i - 3*n + 3 = 14. Is -2*((-33)/6 - i) a composite number?
False
Is 5*2/15 - (-580)/3 a composite number?
True
Let b be 87/(6*(-3)/12). Is -2 - (3 + (b - -2)) a prime number?
False
Let o be (-6 + 1)*(-28)/10. Suppose -4*x + 9 + o = s, -2*s + 3*x + 35 = 0. Is s composite?
False
Suppose -3*m = 5*s - 7397, -m + 2808 - 369 = -5*s. Is m a composite number?
False
Suppose 5*h + 4*w = -30, 2*h - 2*w + 5 = 11. Is 2 + 140 - 2/h a prime number?
False
Let h(a) = 30*a**2 + 6*a + 11. Is h(-3) a prime number?
True
Let i be (-6)/27 + (-9382)/(-18). Suppose 3*m = 5*f - 2*f + 780, 2*m - i = 3*f. Is m a prime number?
False
Suppose f = 5*f. Suppose f = -7*k + 4*k - 18. Let t(m) = -m**2 - 11*m - 5. Is t(k) a prime number?
False
Is 0 + -4 + -11 + 338 a composite number?
True
Suppose 7*f = -h + 3*f + 5277, -3*h + 4*f + 15799 = 0. Is h composite?
True
Suppose 3*y + l - 295 = 0, -365 = -4*y + 4*l + 55. Let r = y - -21. Is r composite?
True
Let q = -3 + 5. Suppose 7*r + 680 = q*r. Let u = r - -231. Is u a prime number?
False
Suppose -4*j = -2*j. Suppose 0 = -4*k + o - 159, -2*k - 77 = -j*k - 3*o. Let y = k - -71. Is y a prime number?
True
Let z(h) = 87*h + 16. Let f be z(7). Suppose 7*x + 2*i - f = 4*x, 5*i = -2*x + 402. Is x composite?
False
Let s(u) = u**2 + u + 14. Let a be s(0). Is (-1391)/(-7) - (-4)/a composite?
False
Let r(f) = f**3 + f**2 - 284. Let k be r(0). Let v be (-6)/(-4)*k/6. Let q = 124 + v. Is q a composite number?
False
Let r be (-54)/10 + 3/(-5). Let l(u) = 2*u**2 + u - 4. Is l(r) a composite number?
True
Let i = 258 + -7. Is i prime?
True
Let g(t) = 106*t + 11. Is g(5) composite?
False
Suppose 2*m - 53 = 347. Suppose 195 = y - m. Is y a composite number?
True
Let r(d) = d**3 + 11*d**2 + 4*d + 6. Is r(-8) composite?
True
Let k(u) = -u**2 - 7*u - 11. Let a(w) = -2*w**2 - 14*w - 22. Let c(n) = 2*a(n) - 5*k(n). Is c(-11) a composite number?
True
Suppose 5*k + 89 - 319 = 0. Is k prime?
False
Let y = 22 - 22. Let s(g) = g**3 - 2*g**2 + g + 97. Is s(y) composite?
False
Let l be (2/6)/((-1)/6). Let a(u) = u**3 - 3*u**2 - 2. Let q be a(3). Is 0 + q*67/l a prime number?
True
Suppose -7*k = -4*k - 246. Is k a prime number?
False
Suppose 0*r = 2*r. Suppose 0*k - k - 48 = r. Let m = k + 141. Is m a composite number?
True
Suppose 0 = d + 45 + 19. Let i = d + 117. Is i composite?
False
Let a be 3/(-4) - (-54855)/(-60). Let x = -436 - a. Is x composite?
False
Let n be 2/(-4) - (-29)/2. Let b = -10 + n. Is (-313)/(-9) + b/18 prime?
False
Suppose 3*z = -15, q - 5*z - 24 = 3. Suppose -134 + 24 = -q*k. Is k a prime number?
False
Suppose 3*d + c - 33 = 0, 0 = 2*d + c - 12 - 11. Let w be 4/10 + 426/d. Suppose -2*u = -u - w. Is u a prime number?
True
Suppose -2*w = 4*o - 518, -o - 30 = -4*w + 1042. Is w prime?
False
Suppose -5*f + 32 = 3*b, 0 = -0*f - f + b. Suppose -4*k = -5*o - 355, -7*o = -2*k - f*o + 179. Is k prime?
False
Suppose -13 = -2*z - 5. Suppose 0 = -0*t + z*t - 480. Suppose 0 = 3*c - 147 - t. Is c a prime number?
True
Let t be 3/6 - 31/(-2). Let j = -10 + t. Is j a composite number?
True
Suppose 0 = 2*g + 3*g + 25. Let u(k) = -2*k**3 - 5*k**2 + k - 9. Is u(g) a prime number?
False
Let v be (-9)/(-2) - (-3)/6. Let a(o) = o**3 - 5*o**2 + o - 2. Let i be a(v). Let n(q) = 8*q - 3. Is n(i) a composite number?
True
Let t = 8 + -4. Suppose -t*z + 376 = -0*z. Is z + 0 + (-1 - -1) a composite number?
True
Let y(i) = 43*i**2 + 2*i + 1. Is y(-2) prime?
False
Suppose -2*y - 4 - 4 = 0. Is 2/y*67*-2 prime?
True
Suppose 2*l - 4*v - 2282 = 0, -2*l = -2*v + 5*v - 2317. Is l prime?
True
Is (-45)/(-18)*(146 - 0) a composite number?
True
Let j = 192 + 134. Is j composite?
True
Suppose g = 3*x - 16, 5*g = -3*x + 4*x - 24. Let b = g - -17. Is b a composite number?
False
Let v = 1 + -10. Is 634 + 0 - (-27)/v prime?
True
Suppose 3*y + 358 = 5*y. Is y prime?
True
Let k = 526 - 317. Suppose k = 7*y - 1044. Is y prime?
True
Let n be (-4)/3 - 4/6. Let q be (-6)/4*(n + 0). Suppose -2*b - 47 = -5*t + 48, -t + q*b = -19. Is t composite?
False
Is 4/38 - (-33072)/247 a composite number?
True
Let u = -2 - -6. Suppose -u*a = -7*a. Suppose a = 2*c - c - 131. Is c a composite number?
False
Is ((-12)/(-3))/(2/71) a prime number?
False
Suppose -3*k + 3 = 15, -n + 16 = -3*k. Let y = n + -5. Is 78 + (-3 - -1 - y) a prime number?
False
Let n = 11 - 7. Let j be (-2)/((-2)/(-23)) + -2. Is n/(-10) + (-385)/j prime?
False
Suppose -5*z = 2*f - 3539, 0 = -4*z - z - f + 3542. Is z composite?
False
Let v(h) = -2*h - 3. Let x be v(-2). Let n be x + (-16)/(-2) - 2. Let r(b) = b**2 + 2*b - 4. Is r(n) a composite number?
False
Is (106/(-1))/(6/(-9)) prime?
False
Suppose 6*s - 72 - 2172 = 0. Let k = s + -247. Is k a prime number?
True
Let i(z) = 15*z + 5. Suppose 44 = 5*a - 16. Suppose a + 18 = 5*b. Is i(b) prime?
False
Suppose 3*b = 2*b - 2. Let y be (1/2)/(1/b). Is y/(2/(7*-22)) a composite number?
True
Let t(x) = -x**3 - 9*x**2 - x - 3. Let f be t(-9). Is ((-158)/f)/((-3)/9) prime?
True
Let d be 2/6 + (-20)/(-3). Suppose d = 3*h - 374. Is h a prime number?
True
Let y(s) = s**3 + 23*s**2 - 9*s - 20. Is y(-23) composite?
True
Suppose 4*w - 662 = -154. Is w a composite number?
False
Let s = 10 + -6. Suppose k + 0 + s = 0, -5*v - 4*k + 1039 = 0. Is v prime?
True
Let c be 1/(-3) + 31616/24. Is (-6)/(-27) + c/27 prime?
False
Let h(r) = -r**2 - 5*r - 2. Let d be h(-4). Suppose 0 = -3*z - d*a + 63, -2*z + 2*a + 0*a = -32. Is z a prime number?
True
Let n = -40 + 122. Is n prime?
False
Let l(z) = -z**3 - z**2 + 4. Let n be l(0). Suppose 2148 = 4*f + 2*f. Suppose n*r = k - 73, -f = -5*k + 4*r + 55. Is k a composite number?
True
Suppose -2*n = n. Suppose -27 = -5*z + u, -2*z + 2*u + 14 = -n*u. Let y = z + 21. Is y a composite number?
True
Suppose -4*v - 4 = -2*v. Is 476/8 + v/4 composite?
False
Let m(g) = g**3 - 5*g**2 + g - 1. Let s be m(5). Suppose s*n - 3*h - 370 = 0, 7*h = 5*n + 2*h - 465. Is n a prime number?
False
Is 2/(-1)*(-1341)/6 composite?
True
Suppose -p = -2*p + 8. Let z be (-4)/p*0/2. Suppose 2*r = -z*r + 42. Is r composite?
True
Let r(z) = 2*z**2 + 4*z - 1. Suppose 4 = -f + 3*v, v + 3 = 6. Is r(f) prime?
False
Suppose -17 = 2*s - 5. Is (-694)/s*(-4 - -7) composite?
False
Is 9/6*(-4 - 1166/(-3)) a composite number?
False
Suppose t + 31 = 5*l, -5*t - l - 115 = -6*l. Let r = -2 - t. Is r a prime number?
True
Let b = 587 + -281. Let n(p) = -4*p + 1. Let y be n(-1). Suppose -y*l + 41 = -4*c - b, 5*l - 338 = c. Is l a prime number?
True
Suppose 1 + 9 = 5*x - 3*c, -c = -2*x + 4. Suppose -x*i + 69 = i. Is i a composite number?
False
Let b be (-24)/(-4 - -1) + -3. Suppose -b*d + 5*j - 170 = -780, -d + 110 = 3*j. Suppose 56 + d = 5*q. Is q a prime number?
False
Is (-2 - (-1904 + -3))*(-2)/(-6) a prime number?
False
Let m be -3*6/27*6. Let w be m/(-14) - 264/(-7). Is w*(-1 + (-3)/(-2)) a prime number?
True
Suppose 51 = 5*d - 104. Is d a composite number?
False
Let j(b) be the third derivative of -b**6/24 - 7*b**5/60 - b**4/12 + 3*b**3/2 - 6*b**2. Is j(-5) prime?
False
Let w = 1425 + 974. Is w composite?
False
Let i = 60 - 23. Is i prime?
True
Let c = 2 - -467. Is c a composite number?
True
Suppose k - 38 - 36 = 0. Is k a composite number?
True
Let g(v) = -v**3 + 11*v**2 - 4*v - 4. Is g(9) a composite number?
True
Is 43*-3*(-1)/3 prime?
True
Let o(z) = -z**3 + 11*z**2 - 10*z + 3. Let g be o(8). Let d = g - 76. Is d prime?
False
Suppose 60*o - 159 = 59*o. Is o composite?
True
Let v be (-8)/3*3/(-2). Suppose -3*y + 6*x - 3*x = -27, 0 = -v*y - 3*x + 64. Is y composite?
False
Let j = -1057 - -3186. Is j prime?
True
Suppose 0 = -0*m - 2*m + 26. Let r(i) = 8*i - 10. Is r(m) prime?
False
Suppose -1377 = -2*h - 539. Is h a composite number?
False
Let o be 2/(-3) + 8/3. Suppose 3*i + 32 = 287. Suppose o*m + 4*c = 90, -4*c - c + i = 2*m. Is m prime?
False
Is (-3